45944.
2, 3, 2027
What are the prime factors of 597129?
3, 13, 61, 251
List the prime factors of 20339249.
7, 2905607
List the prime factors of 322850.
2, 5, 11, 587
What are the prime factors of 4009082?
2, 7, 11, 3719
What are the prime factors of 1679334?
2, 3, 19, 14731
What are the prime factors of 4039144?
2, 504893
List the prime factors of 1138025.
5, 7, 929
List the prime factors of 3953008.
2, 107, 2309
List the prime factors of 15030419.
15030419
List the prime factors of 2299154.
2, 11, 13, 8039
List the prime factors of 32072282.
2, 11, 59, 24709
What are the prime factors of 181849?
17, 19, 563
What are the prime factors of 761900?
2, 5, 19, 401
What are the prime factors of 241330?
2, 5, 24133
List the prime factors of 1202119.
47, 25577
What are the prime factors of 1517843?
1517843
List the prime factors of 214699.
43, 4993
What are the prime factors of 10569437?
59, 179143
What are the prime factors of 10579128?
2, 3, 7, 62971
List the prime factors of 1317228.
2, 3, 11, 17, 587
What are the prime factors of 6618135?
3, 5, 23, 19183
What are the prime factors of 83203?
83203
List the prime factors of 3657431.
17, 215143
List the prime factors of 6347122.
2, 3173561
What are the prime factors of 25041919?
7, 3577417
List the prime factors of 372410.
2, 5, 167, 223
What are the prime factors of 36642?
2, 3, 31, 197
List the prime factors of 480453.
3, 19, 8429
What are the prime factors of 21078038?
2, 277, 38047
What are the prime factors of 3793980?
2, 3, 5, 37, 1709
List the prime factors of 885584.
2, 7, 7907
List the prime factors of 3078480.
2, 3, 5, 101, 127
What are the prime factors of 1162268?
2, 19, 41, 373
What are the prime factors of 119592?
2, 3, 11, 151
List the prime factors of 12077915.
5, 79, 30577
What are the prime factors of 828222?
2, 3, 223, 619
What are the prime factors of 2456605?
5, 19, 1361
What are the prime factors of 384845?
5, 19, 4051
List the prime factors of 422200.
2, 5, 2111
What are the prime factors of 417878?
2, 37, 5647
What are the prime factors of 12350615?
5, 2470123
What are the prime factors of 43768345?
5, 8753669
List the prime factors of 4873376.
2, 152293
List the prime factors of 13125986.
2, 41, 160073
What are the prime factors of 1404208?
2, 13, 43, 157
List the prime factors of 737368.
2, 61, 1511
List the prime factors of 1638273.
3, 7, 13, 17, 353
List the prime factors of 1499011.
1499011
List the prime factors of 5255573.
5255573
What are the prime factors of 353547?
3, 163, 241
What are the prime factors of 1393745?
5, 17, 19, 863
List the prime factors of 3874753.
3874753
What are the prime factors of 10325992?
2, 577, 2237
List the prime factors of 348402.
2, 3, 58067
List the prime factors of 519958.
2, 499, 521
What are the prime factors of 313922?
2, 7, 17, 1319
What are the prime factors of 353107?
17, 20771
List the prime factors of 679590.
2, 3, 5, 839
What are the prime factors of 7472305?
5, 1494461
What are the prime factors of 2972814?
2, 3, 13, 38113
What are the prime factors of 2824065?
3, 5, 19, 367
What are the prime factors of 956890?
2, 5, 11, 8699
List the prime factors of 305227.
13, 53, 443
List the prime factors of 13103684.
2, 11, 297811
List the prime factors of 3911261.
3911261
List the prime factors of 1270601.
157, 8093
What are the prime factors of 2369299?
23, 31, 3323
List the prime factors of 16086204.
2, 3, 446839
What are the prime factors of 569165?
5, 67, 1699
What are the prime factors of 3580017?
3, 7, 227, 751
What are the prime factors of 10308393?
3, 19, 23, 2621
List the prime factors of 288771.
3, 7, 13751
List the prime factors of 59829.
3, 7, 11, 37
List the prime factors of 1139266.
2, 71, 113
What are the prime factors of 238404?
2, 3, 19867
List the prime factors of 10527941.
31, 479, 709
What are the prime factors of 675186?
2, 3, 43, 2617
List the prime factors of 1701478.
2, 811, 1049
What are the prime factors of 2324094?
2, 3, 509, 761
List the prime factors of 130461.
3, 43487
List the prime factors of 67593.
3, 22531
List the prime factors of 850129.
7, 121447
What are the prime factors of 319956?
2, 3, 7, 13, 293
List the prime factors of 785983.
11, 71453
List the prime factors of 592642.
2, 257, 1153
List the prime factors of 1526659.
1526659
What are the prime factors of 2553876?
2, 3, 13, 17, 107
What are the prime factors of 9054203?
19, 23, 20719
What are the prime factors of 377749?
377749
List the prime factors of 2002371.
3, 7, 97, 983
List the prime factors of 753126.
2, 3, 11, 11411
What are the prime factors of 536555?
5, 239, 449
List the prime factors of 108996.
2, 3, 31, 293
List the prime factors of 163045.
5, 32609
List the prime factors of 48700.
2, 5, 487
What are the prime factors of 18965694?
2, 3, 11, 113, 2543
What are the prime factors of 24227?
7, 3461
List the prime factors of 68734.
2, 34367
List the prime factors of 189134.
2, 11, 8597
List the prime factors of 179590.
2, 5, 17959
What are the prime factors of 1060218?
2, 3, 58901
List the prime factors of 46814.
2, 89, 263
List the prime factors of 484233.
3, 161411
List the prime factors of 19944204.
2, 3, 7, 41, 5791
What are the prime factors of 913629?
3, 23, 13241
What are the prime factors of 18786509?
7, 2683787
List the prime factors of 109327.
17, 59, 109
List the prime factors of 2963024.
2, 185189
What are the prime factors of 25587376?
2, 19, 73, 1153
List the prime factors of 203346.
2, 3, 11, 13, 79
What are the prime factors of 742428?
2, 3, 41, 503
List the prime factors of 2470804.
2, 7, 79, 1117
What are the prime factors of 105104?
2, 6569
What are the prime factors of 22616123?
22616123
List the prime factors of 19899171.
3, 2211019
List the prime factors of 94126.
2, 19, 2477
List the prime factors of 4706823.
3, 11, 31, 43, 107
List the prime factors of 3684901.
11, 334991
List the prime factors of 252983.
252983
What are the prime factors of 6077993?
17, 47, 7607
List the prime factors of 628347.
3, 209449
What are the prime factors of 4313562?
2, 3, 11, 65357
What are the prime factors of 125771?
173, 727
What are the prime factors of 1505656?
2, 17, 11071
List the prime factors of 1044003.
3, 348001
List the prime factors of 3174764.
2, 793691
List the prime factors of 839260.
2, 5, 29, 1447
What are the prime factors of 2322169?
2322169
List the prime factors of 10186605.
3, 5, 11, 13, 1583
List the prime factors of 284205.
3, 5, 18947
List the prime factors of 308154.
2, 3, 7, 11, 23, 29
List the prime factors of 1213858.
2, 97, 6257
What are the prime factors of 2549878?
2, 1274939
List the prime factors of 346129.
7, 197, 251
List the prime factors of 37489619.
173, 216703
List the prime factors of 16829417.
11, 1529947
What are the prime factors of 2382930?
2, 3, 5, 11, 29, 83
What are the prime factors of 3473771?
7, 487, 1019
What are the prime factors of 11015655?
3, 5, 7, 104911
What are the prime factors of 1642168?
2, 11, 18661
List the prime factors of 276730.
2, 5, 27673
List the prime factors of 533818.
2, 266909
List the prime factors of 1619786.
2, 7, 37, 53, 59
List the prime factors of 2759327.
73, 37799
List the prime factors of 2748392.
2, 503, 683
What are the prime factors of 20736?
2, 3
List the prime factors of 3040853.
23, 29, 47, 97
List the prime factors of 11394837.
3, 140677
What are the prime factors of 93553?
93553
List the prime factors of 2589783.
3, 7, 123323
What are the prime factors of 243191?
13, 1439
What are the prime factors of 110633?
317, 349
What are the prime factors of 20279756?
2, 7, 724277
What are the prime factors of 366035?
5, 19, 3853
What are the prime factors of 182947?
113, 1619
What are the prime factors of 24345?
3, 5, 541
List the prime factors of 313651.
13, 23, 1049
What are the prime factors of 241298?
2, 17, 47, 151
What are the prime factors of 5126780?
2, 5, 31, 8269
What are the prime factors of 1115208?
2, 3, 1721
What are the prime factors of 1162068?
2, 3, 179, 541
What are the prime factors of 2671993?
317, 8429
List the prime factors of 454311.
3, 11, 13, 353
List the prime factors of 2462289.
3, 820763
What are the prime factors of 300365?
5, 13, 4621
List the prime factors of 35534.
2, 109, 163
What are the prime factors of 294490?
2,